-x. Suppose -g - 708 = -3*n, -2*n + 184 = -2*g - v. Is 34 a factor of n?
False
Let s(g) = g - 31. Let x(a) = a**3 - 11*a**2 - 12*a + 11. Let i be x(12). Let u be s(i). Is 11 a factor of (-884)/u - 2/10?
True
Suppose -4*g + 20 = 0, -s - 2*g + 80 = -258. Is 8 a factor of s?
True
Suppose -8120 = -5*c + 5*m, -3*m + 7024 = 4*c + 521. Is 73 a factor of c?
False
Suppose -3*z = 5*p - 1651, p + 2*z - 662 = -p. Suppose -6*w + 79 = -p. Let x = -6 + w. Does 6 divide x?
False
Let y = 1473 + -693. Does 49 divide y?
False
Suppose -9*x - 5 - 4 = 0. Let w be (-11 - -127) + x + -3. Suppose -g = -6*g + 2*l + w, -l = -g + 20. Is 12 a factor of g?
True
Suppose -102*p + 1554201 - 703731 = -2832954. Is p a multiple of 122?
True
Let g be 56/24 - (-2)/6*2. Suppose -2*w + 23 = g*w + q, 3*w - 24 = -4*q. Let j(p) = 14*p**2 + 9*p - 3. Is 33 a factor of j(w)?
False
Suppose -4250*t = -4270*t + 133920. Is 31 a factor of t?
True
Let y(n) = n**2 - 8*n + 7. Let i be y(8). Suppose 7*a = -i + 35. Suppose a*h = -h - 5*p + 695, 3*h - 415 = -5*p. Is h a multiple of 35?
True
Let h = 15 + -29. Suppose 997*r - 11 = 1008*r. Let f = r - h. Is 13 a factor of f?
True
Suppose 8*g - 2*g = 15738 - 3462. Does 98 divide g?
False
Let m(g) = -48*g + 18. Let s be m(-6). Let k = s - -39. Is 17 a factor of k?
False
Let q be (-73)/(-2 - -2 - 1). Let p be (-2722)/(-18) - (-4)/(-18). Suppose 0 = 4*t - p - q. Does 32 divide t?
False
Is 3/(-7)*3262/(-4)*(-5 + 39) a multiple of 42?
False
Suppose 14*k - 1575 = 5*k. Let q be k/10*4/10. Suppose f + 2*z - 246 = 0, -q*f + 736 = -4*f + 4*z. Does 35 divide f?
False
Let h = 38 + -34. Suppose -4*t + 0*t - 120 = -h*a, -t - 84 = -3*a. Suppose 0 = 3*x - a - 168. Is x a multiple of 11?
False
Let h(i) be the third derivative of 3*i**5/20 + i**4/24 + i**3/6 + 10*i**2. Let t be h(-6). Let l = 453 - t. Does 22 divide l?
False
Let f = 216 - -7152. Is f a multiple of 27?
False
Let l(t) be the first derivative of 6*t - 8*t**2 + 1/3*t**3 + 1. Does 13 divide l(18)?
False
Let u(b) = -1 + b**2 + 55*b - 98 - 43*b - 19. Is 71 a factor of u(-21)?
True
Suppose 3*l = -f + 73559, 0 = 6*l + 12*f - 9*f - 147123. Is 15 a factor of l?
False
Let b be 4 + 8/(-12) + (-1388)/6. Let w = b - -396. Is 11 a factor of w?
False
Suppose 152*n + 27973 = -17*n + 833765. Is 4 a factor of n?
True
Suppose 2*r - m = r + 1, -3*r - 3*m = -9. Let q be (4/(-8))/((-3)/(-12)) - r. Let z(t) = -24*t - 20. Is 9 a factor of z(q)?
False
Let c be 1 + (4 - 20/(-5)). Suppose -8 = -q - c. Let i(o) = -29*o - 2. Is i(q) a multiple of 5?
False
Suppose 4*t - 2*m = m - 181, 0 = 3*t - 3*m + 135. Let j = -1028 - -987. Let z = j - t. Is z a multiple of 5?
True
Let b(u) = u**2 + 13*u - 12. Let m be b(-13). Let j = 17 + m. Suppose 3*a + 0*n - 268 = 2*n, j*n = 5. Is a a multiple of 18?
True
Suppose -1403 = -8*z + 2677. Does 11 divide ((-144)/z - (-6)/(-51))*-275?
True
Let u(m) = 3*m**2 + 22*m - 5. Let f be u(-8). Suppose -f*p + 73 + 59 = 0. Is p a multiple of 6?
True
Let d = 51 + -44. Let q(z) = 3*z**3 + 0 + 7 - 4*z**3 + 8*z**2 + 2*z + 4. Is q(d) a multiple of 18?
False
Suppose 0*i + 120 = 5*m - 3*i, m = -3*i + 6. Suppose 0*z = -z - 5*a - m, 0 = 3*a + 15. Suppose 125 = 3*r - z. Does 11 divide r?
False
Suppose -5*u + 5*m + 1055 = 0, 5*m = 13 + 7. Is 45 a factor of u?
False
Is 28341 - 1 - 17/(119/28) a multiple of 92?
True
Let s(y) = 71*y + 93. Let z be s(11). Is (88/6)/(-5 + z/174) a multiple of 58?
True
Is 10 a factor of ((-3168)/90)/22 - (-71574)/15?
True
Is 57 a factor of (0 - (-466 - 1))/((-87)/(-174))?
False
Let a be 7*4 - 16/(-4). Let z be (a/112)/(1/35). Suppose -4*g + g + z = -p, 4*p = -2*g + 30. Does 2 divide p?
False
Let b = -9030 + 13550. Is 8 a factor of b?
True
Suppose -4*j + w = -1108, 0 = -4*j - 0*w + 3*w + 1108. Suppose j = o - 133. Is 10 a factor of o?
True
Let j = 197 - -4336. Is j a multiple of 35?
False
Let f(v) = -4*v**2 - 105*v + 37. Let g be f(-27). Let o be (7/2 - 3)*-218. Let y = g - o. Is 29 a factor of y?
False
Suppose 3*v - 13584 = -9*v - 36*v. Is 3 a factor of v?
False
Suppose -83*r + 78*r = 5*c - 3270, -4*c = -20. Does 5 divide r?
False
Let j be 886/2 + 21/(-7). Suppose 3*a + 128 = z, -2*a + j = 3*z + 45. Does 5 divide z?
False
Let p(z) be the second derivative of z**2 - 10*z + 0 - 3/2*z**3 + 7/6*z**4 - 1/20*z**5. Does 41 divide p(12)?
False
Let o be 16/72 - (-1138)/(-18). Let i(m) = -m**2 - 19*m - 25. Let h be i(-12). Let b = h - o. Is b a multiple of 35?
False
Does 32 divide 2/25 - (4 + (-306969)/75)?
False
Suppose 3*i + 2*n = 114, -185 = -5*i - 2*n - 3*n. Suppose -7*m + i = -6*m. Is 8 a factor of m?
True
Let f = -199 - -4102. Does 13 divide f?
False
Let z(b) = 9*b + 166. Let p be z(-18). Suppose -2*i + p = 0, 5*v = 9*v - 4*i - 7688. Is v a multiple of 26?
True
Suppose 7*w = 2 + 376. Suppose 0 = 61*b - w*b - 3857. Does 29 divide b?
True
Suppose 3018 = 6*w + 2022. Is w a multiple of 11?
False
Let l = 112 - 109. Suppose -2*f - 2*v + 324 = -0*v, 0 = -l*f + 4*v + 458. Is 18 a factor of f?
False
Let j be 14015/(-55) - ((-6)/(-33) - 0). Let a = -141 - j. Does 57 divide a?
True
Let n(r) be the second derivative of r**3/3 + 119*r**2/2 + 10*r. Is 9 a factor of n(-10)?
True
Suppose -651*t - 258 = -657*t. Let x(h) = -h**3 - h**2 - 5*h + 1. Let o be x(-5). Suppose 0 = 3*a - 3*s - o, 3*a - 85 - t = 2*s. Is 11 a factor of a?
True
Let s(l) = -3*l - 35*l**2 + l**3 - 40*l**2 + 102*l**2 + l - 9. Is 16 a factor of s(-27)?
False
Suppose -3*g - 3 + 2 = 2*a, 4*a + g = 13. Suppose 0 = -4*m + y + 3076, -a*m - 3*y = -y - 3088. Does 11 divide m?
True
Let p = 13841 - -24133. Is 10 a factor of p?
False
Suppose -17 + 7 = -5*o + 3*k, 2*o - 2*k - 4 = 0. Let a(v) = -7*v - 6 + 19*v**2 + 4*v - o*v - 6*v. Is a(3) a multiple of 11?
True
Let l = 94 + -32. Let x = 385 + -345. Suppose 3*n - l = -s, -x + 162 = 5*n - 3*s. Is 3 a factor of n?
False
Suppose n + 5*k + 20 = 0, n - 6*n - 52 = k. Let f = n - -13. Suppose f*u = -4*h + 162 - 5, -2*h + 51 = u. Does 11 divide u?
True
Let b = -2823 - -8133. Does 16 divide b?
False
Is 30 a factor of -12758*((-7)/42*9 - (-4)/(-8))?
False
Let m(d) = -d**3 - 2*d**2 + 22*d - 2. Let j = 353 + -362. Is 50 a factor of m(j)?
False
Suppose 6 = -32*v - 26. Let w(i) = -767*i**3 + 4*i**2 + 2*i - 1. Is w(v) a multiple of 16?
True
Let k(s) = 4*s - 2*s - 4*s - 2 + 3*s**2. Let b be k(2). Suppose -12 = -3*m + 3*x, -x + 2 + b = m. Is 6 a factor of m?
True
Let z = -131 - -7571. Is 4 a factor of z?
True
Let j = 2088 + -809. Is j a multiple of 4?
False
Suppose -3*q - 16 = -3*n - 2*n, -2*n + 3*q = -10. Suppose -140 = -n*r - 2*i - 3*i, -2*i = -r + 88. Is 15 a factor of (-9)/2*r/(-24)?
True
Suppose 0 = -a - 5*l + 141, -a - 3*l + 51 + 80 = 0. Suppose 3*k - u - a = 2*k, 3*u = 2*k - 228. Suppose 6*j - 3*j = k. Does 5 divide j?
True
Let x = 2511 + -1367. Suppose -2*b + x = 2*a, -2*a + 850 = 4*b - 1440. Is 21 a factor of b?
False
Let l(w) = 111*w - 393. Let a be l(4). Suppose 5*p + 46 = 4*h + 156, 5*p = -h - 40. Is 3 a factor of 2/(-4)*a*20/h?
False
Let l be -2*1 - 8/(3 + 1). Let f = l - 9. Let z = f - -29. Is z a multiple of 8?
True
Let r = -452 - -455. Suppose -r*i - 2*i + 5*c = -2200, 5*c = i - 440. Is i a multiple of 8?
True
Suppose -6*d = -2*d - 3*w + 58, 2*w = -4*d - 48. Let h = 19 - d. Suppose -c = -5*c + h. Is 4 a factor of c?
True
Let t = 582 - 880. Let i = -146 - t. Is i a multiple of 2?
True
Suppose 42*k + 550 = -13*k. Let j = 71 + -4. Let m = k + j. Is m a multiple of 19?
True
Does 3 divide (-43 + 1 - (4 - 5))/(15/(-420))?
False
Let t(r) = -14*r + 121. Let l be t(9). Let h = 3 - 5. Is (h + 2)/(-1) + (10 - l) a multiple of 2?
False
Suppose 8*t - 177 = 87. Let a be 1/3 + (-176)/t. Is 12 a factor of -1*(299/a - (-3)/(-15))?
True
Suppose -3*q - 5*t + 21234 = 0, 24*t = 2*q + 26*t - 14156. Does 5 divide q?
False
Let i = -77 - -114. Suppose -6*c - 47 = i. Is 14 a factor of (-1676)/c - (-4)/14?
False
Let p be 19/(-19) + -1*1. Let x = p - 20. Does 37 divide -9*(x/3 - 0)?
False
Let y = -4 + 7. Let i(f) = 10 - 13*f**2 + 3*f**y - 1 - 5*f + 0*f. Is i(5) a multiple of 12?
False
Suppose 4*s - j - 2*j - 5 = 0, 2*s + 5*j + 17 = 0. Let r be 1 - ((2 - 283) + 1 + s). Let f = -144 + r. Is 43 a factor of f?
False
Suppose -3*v - 3*h + 15 + 18 = 0, 3*v + h = 37. Let z(b) = v*b**2 - 5*b**2 - 26 + b**2 + b**3 + b. Does 25 divide z(-6)?
Fal